ommon divisor of t and 15.
15
Let f = -32 + 38. Suppose -3*r = -0 - 3. Let d(x) = 67*x**3 - 2*x**2 + 2*x - 1. Let m be d(r). What is the greatest common factor of f and m?
6
Let p(c) = -3 - 2*c - 3 + c**3 + 0*c + 6*c**2. Let k be p(-6). Let q be (-2)/k + (-37)/(-3). Calculate the greatest common divisor of q and 4.
4
Let s(w) = w**2 - 14*w + 24. Let b be s(14). Suppose b = 19*d - 33. Calculate the greatest common divisor of 3 and d.
3
Suppose 2*o + 76 = 3*o. Suppose 45 = 4*j + c - o, -c + 91 = 3*j. Suppose 48 = 8*n - 4*n. What is the highest common factor of n and j?
6
Suppose -68*i + 17 = -51*i. Suppose 5*f = -h - 3*h + 11, 4 = -4*h. Calculate the highest common factor of f and i.
1
Let n(t) = t**3 + 10*t**2 + 10*t + 12. Let z be n(-9). Let h be z + 2 + (0 - 2). Suppose h*i - i - 48 = 0. What is the greatest common factor of i and 6?
6
Let v = 722 - 656. Calculate the greatest common factor of v and 48.
6
Suppose -2*f + 4*r - 21 = -3*f, -2*r + 23 = 3*f. Suppose 4*g + 0*g = -2*w + 1316, 3*g - 1000 = f*w. Calculate the greatest common divisor of 30 and g.
30
Let u(f) = 6*f**2 + 47*f + 18. Let z be u(-8). What is the greatest common divisor of 13 and z?
13
Let h(k) = 2*k**3 + 43*k**2 + 17*k - 12. Let l be h(-21). Calculate the highest common factor of l and 12.
12
Suppose 5*d + 4 + 11 = 0, -5*d = -3*g + 36. What is the highest common factor of g and 63?
7
Let v(x) = -3*x**3 - 11*x**2 - 28*x - 51. Let h be v(-6). Calculate the greatest common factor of 164 and h.
41
Let f be (1 - -3) + 2*-1. Suppose -2*z = 2*k + f, -z + 3 + 6 = -k. Calculate the highest common divisor of z and 6.
2
Let x(a) = 11*a**2 + 25*a + 75. Let k be x(-3). Calculate the highest common factor of k and 11.
11
Let h be 33/22*104/6. Calculate the highest common factor of h and 13.
13
Let f(x) = x**3 - 6*x**2 + 3. Let a be f(6). Let v be (2 - 3)*-18 - a. Calculate the greatest common factor of 120 and v.
15
Suppose 193 = 2*u - 3*v, 0*v + 194 = 2*u - 2*v. What is the greatest common factor of 14 and u?
14
Suppose -2*g + 2*p = -96, -6*g = -8*g + p + 100. Suppose 51 + 608 + 69 = 28*q. Calculate the greatest common factor of q and g.
26
Suppose 3570 = 6*o + 15*o. What is the highest common factor of 20 and o?
10
Let z = -731 - -1485. What is the greatest common factor of z and 52?
26
Let a(h) = h**3 + h**2 - h + 378. Let s be a(0). Let q be (24/10)/(9/(-30)). Let m be (-6)/(-8) - s/q. Calculate the highest common factor of m and 6.
6
Suppose -4*x - 1 = -3*r, 3*x + 7*r - 10*r = -3. Suppose 5*u - 519 = x*u - 3*k, -4*u + 2*k + 680 = 0. Calculate the highest common divisor of u and 19.
19
Let x = -41 - 5. Let d = 187 - 108. Let g = d + x. Calculate the greatest common divisor of g and 22.
11
Let w = 2 + 2. Suppose 4*l = -3*m + m + 14, -w*m = -5*l - 80. Suppose -4*r + 3*r + m = 0. What is the greatest common divisor of 5 and r?
5
Suppose -4*h = -4*g - 24, 4*h + 0*g = 5*g + 26. Suppose -96 = -h*k + 3*q - 5*q, -30 = -k + q. Calculate the greatest common factor of k and 234.
26
Let r = 926 - 761. Calculate the highest common divisor of r and 385.
55
Suppose 0 = j - 3*m - 60, 4*j + 20*m - 24*m = 216. What is the greatest common factor of 2142 and j?
51
Let v = -3 + 15. Calculate the highest common factor of 300 and v.
12
Let m(x) = 2*x**3 - 6*x**2. Let r be m(4). Suppose -2*q = -99 - 49 + 20. What is the highest common divisor of q and r?
32
Let f = -39 - -67. Suppose -2*m = -j - 0*m - 4, 2*m - 10 = -2*j. Let z be (35/(-10) - -3)/(j/(-224)). What is the highest common divisor of z and f?
28
Let o = 1231 - 1222. What is the highest common divisor of 1503 and o?
9
Let p = -144 - -155. Calculate the greatest common factor of p and 55.
11
Let t(h) = 8*h + 14. Let c be t(4). Suppose -335 = -5*w + 240. Calculate the highest common divisor of c and w.
23
Let i be 1 - -147 - (9 - 5). Calculate the highest common divisor of 72 and i.
72
Let j(v) = -v**3 + 9*v**2 + 10*v + 9. Let n be j(10). Suppose -n*s + 16 = -83. What is the highest common factor of s and 55?
11
Suppose -4*a - 17 = 47. Let j be a/24 - (-242)/3. Calculate the greatest common factor of j and 10.
10
Suppose -5*u = k - 11, 2 = -5*u - 2*k + 9. Suppose -m = -u*m. Suppose 4*j + 69 - 249 = m. What is the greatest common divisor of j and 9?
9
Let y = -164 - 4. Let v = -80 - y. What is the greatest common factor of v and 11?
11
Suppose 2*t + 0*t = -4*v + 20, 2*t + v - 23 = 0. Let l = -12 + 11. Let n be 222/18 - l/(-3). What is the greatest common divisor of t and n?
12
Let q = -348 + 789. Calculate the highest common divisor of 9 and q.
9
Suppose 3*g - 6 = -0*g. Suppose -g = -5*x + 143. Calculate the highest common divisor of x and 58.
29
Let h(t) = t**3 - 2*t**2 - 2*t - 6. Let q be h(4). Let j = 42 - 15. Calculate the greatest common factor of q and j.
9
Suppose -5*d + q = 0, -q + 5 + 4 = 4*d. Let m = 9 - 9. Suppose m = -4*j - 14 + 18. Calculate the greatest common divisor of d and j.
1
Let i = 15 - 12. Let n(d) = 3*d**2 + 0 + 0 - i*d + 13*d**2. Let t be n(2). Calculate the greatest common divisor of t and 87.
29
Suppose 35*l - 29*l - 648 = 0. Calculate the greatest common divisor of l and 270.
54
Let x be (-1)/(2/(-262)) - 1. Let g be -2 + 5 + 90/9. What is the greatest common factor of x and g?
13
Let h be (55/(-15))/(3/(-117)). Let j(y) = y**2 + 7*y - 5. Let t be j(-9). Calculate the greatest common divisor of h and t.
13
Let h = 293 - 41. Let u = h + -18. Let k be 1/(-3) - (-158)/6. What is the greatest common factor of k and u?
26
Let x be (-4)/(-6) + 542/6. Suppose -7 - 15 = -4*n - 5*f, -3*n + f + 45 = 0. What is the greatest common divisor of x and n?
13
Suppose -184 = 4*z - 580. Let t be 2/(-3) - 11/(-3). Suppose 0*h + 52 = 5*g - t*h, h = -g + 12. Calculate the greatest common divisor of z and g.
11
Let y be (-2 - -3) + (-367)/(-1). Calculate the greatest common divisor of 23 and y.
23
Suppose 44*o + 0*o - 2904 = 0. What is the highest common divisor of 24 and o?
6
Let d be 1/(-4)*(1 - (10 + -1)). Let x = -1 - -2. What is the greatest common divisor of x and d?
1
Let m(z) = z**2 + 5*z - 6. Let d be m(-8). Let r = d + 9. Let w = -18 + r. Calculate the greatest common divisor of 9 and w.
9
Suppose -5*v - 4*o = -248 - 779, v = 5*o + 217. Calculate the highest common divisor of v and 27.
9
Let k(r) = r**3 + 0 - 11*r + 14 - 9*r**2 - 2. Let c be k(10). Let w = c + 6. What is the highest common divisor of 20 and w?
4
Let o = 4 + 6. Let d be o/(-2)*12*-1. Let l be (-2)/8 + 4815/d. What is the highest common divisor of l and 20?
20
Suppose -4*s = -4*i + 92, 4 = i + 2. Let b = 116 + s. Calculate the highest common factor of 19 and b.
19
Let o(j) = j**2 - 16*j + 30. Let u be o(18). Let l be (22/6)/(2/12). Calculate the highest common divisor of l and u.
22
Let x be -15 + 9 + 10 - -9. Suppose 4*u = z - 105, z = -5*u + 35 + 97. Calculate the highest common factor of z and x.
13
Suppose 0 = 3*k - 0*k + 111. Let q = k - -103. What is the highest common factor of q and 165?
33
Suppose 13*g - 3*g - 540 = 0. Calculate the highest common divisor of 54 and g.
54
Suppose 5*r = w - 180, 0 = 2*w + 2*r - 0*r - 360. Calculate the highest common divisor of w and 240.
60
Suppose 2*r + 4*l - 37 = -3*r, -r = -l - 11. Suppose -2*v - r + 1 = 0, 2*t = 5*v + 28. Suppose -q + 7 + 9 = 0. Calculate the greatest common divisor of q and t.
4
Let g = 7 - 5. Suppose 3*o + 66 = 5*v - 73, 84 = 3*v - g*o. Calculate the highest common factor of 65 and v.
13
Let n be (10 + (-429)/44)/((-1)/(-16)). Calculate the greatest common factor of 1 and n.
1
Suppose 4 = h + 8. Let b be ((0 - h) + 62)*3. What is the highest common factor of b and 18?
18
Let t be ((-285)/171)/((-2)/30). Calculate the greatest common divisor of t and 25.
25
Let f = -13 + 12. Let o be f - 6/2*-2. Suppose -5*v + o = -5. Calculate the highest common factor of 10 and v.
2
Suppose 5*s = z - 61, -14*s + 13*s = 4*z - 223. What is the greatest common factor of z and 7?
7
Suppose 723 = 11*l + 228. What is the highest common divisor of l and 15?
15
Suppose -3*f = 618 - 2730. Suppose 13*z + 3*z - f = 0. Let k(i) = 3*i**2 - 2*i - 1. Let o be k(-1). What is the highest common factor of o and z?
4
Let c be 2038/8 - 6*6/(-144). Calculate the greatest common divisor of 357 and c.
51
Let y be (-1076)/(-6) - 48/(-72). Wh